se -2*o + 2 = 0, 571*o - 24382 = -5*i + 574*o. What is the units digit of i?
7
Let r(j) be the first derivative of 7*j**2 - 43*j - 12. What is the tens digit of r(10)?
9
What is the thousands digit of ((-56)/6)/(86/(-86043))?
9
Suppose 82*a - 86*a + 4 = 0. Let u(l) = 659*l**3 - l**2 + l - 1. What is the hundreds digit of u(a)?
6
Let g(r) = r + 1. Let h be g(4). Let q(v) = -v + 9. Let w be q(h). Suppose -3*a + 3*j = -j - 612, 0 = w*a - 4*j - 820. What is the tens digit of a?
0
Let m(a) be the third derivative of a**5/60 + 3*a**4/8 - 7*a**3/6 - 21*a**2. Let u be m(-10). Suppose -4*d + 595 = u*d. What is the tens digit of d?
8
Suppose 10 = 5*k, -w = -5*k + 4*k - 1145. Suppose -3*v + 2*h + 2785 - 1047 = 0, h - w = -2*v. What is the units digit of v?
6
Let o(b) = -b + 21. Let x be (-3 + 4)*(-11 + -4). What is the units digit of o(x)?
6
Suppose 3*g + 129 + 3 = 0. Let t = -23 - g. Suppose 26*l = t*l + 620. What is the tens digit of l?
2
Suppose -8 - 34 = 6*w. Suppose 0 = -4*v + f - 23, 2*v - 6*f + 8 = -2*f. Let c = v - w. What is the units digit of c?
1
Let j(g) = 838*g + 1577. What is the hundreds digit of j(6)?
6
Let p = -149 - -155. What is the units digit of 117/(-1)*1*(-4)/p?
8
Let n be (-1)/(3/3) + 2. Suppose 3*u - 7 = -n. Suppose -u*r + 4*r = 24. What is the tens digit of r?
1
Let q = -15 + -4. Let n = -5 - q. Let k = 42 - n. What is the tens digit of k?
2
Suppose 253 = t - 451. Let b = -79 + t. Suppose 5*y - 5*f - b = 0, 307 + 324 = 5*y - 2*f. What is the units digit of y?
7
Let n = -412 - -446. What is the hundreds digit of (-1 + n)*8 + -2?
2
Suppose -15 = 3*u - 3*m - 2*m, -5*u = -m + 3. Suppose u = -16*k + 9*k + 868. What is the hundreds digit of k?
1
Let l(c) = 36*c**3 + 8*c**2 + 44*c + 30. What is the tens digit of l(9)?
1
Suppose 4*x + 5*j + 4 - 27 = 0, 4*x - 5*j - 73 = 0. Let g(d) = -3*d**2 + 24*d. Let f be g(2). Let l = f - x. What is the units digit of l?
4
Let l = -9837 + 14594. What is the units digit of l?
7
Suppose 3*c - 46 = 2. Let b be 7/((-14)/c)*-35. Suppose 2*w + 4*n - b = 0, -6*n + 545 = 4*w - n. What is the units digit of w?
0
Let g = 7 - 5. Let x(s) = 4 + 6 + 113*s - 24 + 9 - 1. What is the hundreds digit of x(g)?
2
Let k(h) = -12*h**3 - 6*h**2 - 5*h - 5. Let b be k(-5). Suppose 20*u - b = 15*u. Suppose -7*i = -272 - u. What is the units digit of i?
8
Let o(h) = -2*h + 10. Let l be o(9). Let n = -4 - l. Suppose 7*c = 24 + n. What is the units digit of c?
4
What is the units digit of 3 - (-25)/(-10)*-5170?
8
Suppose 9450 = 5*t - 8515. What is the thousands digit of t?
3
Suppose 305 = -2*l - a, 7*l + 5*a = 9*l + 311. Let n = l - -654. What is the units digit of n?
1
Let y = 5910 + -668. What is the thousands digit of y?
5
Let t(b) = 2*b**2 - 20*b + 26. Let v be (-23)/((6/(-3))/2). What is the units digit of t(v)?
4
Let s(c) = 11*c**2 + 18*c. Let y be s(8). Suppose -y = -5*d - 148. What is the units digit of d?
0
Let x = 151 + -62. Suppose -2*o = -x - 219. What is the tens digit of o?
5
Let k = -328 + 284. What is the units digit of 33/k - (-6614)/8?
6
Suppose -3*d - 5*a + 15 = -8*a, -4*a + 4 = 4*d. Suppose 71*o - d*z = 66*o + 378, -2*o - 2*z = -164. What is the units digit of o?
8
Let l(r) be the first derivative of r**4/4 - 20*r**3/3 - 39*r**2/2 + 45*r + 116. What is the units digit of l(22)?
5
Suppose 0 = -110*c + 105343 - 42533. What is the units digit of c?
1
Suppose 32*j - 94860 = 54*j - 34*j. What is the units digit of j?
5
Let w = 12798 - -36667. What is the hundreds digit of w?
4
Suppose -10*l + g + 11463 = -6*l, 0 = l + 2*g - 2859. What is the hundreds digit of l?
8
Let j be (-39)/3 + 0 - (-25 + 20). What is the hundreds digit of -6*(j - 598/4)?
9
Let h(q) = 112*q - 1310. What is the thousands digit of h(41)?
3
Let x = -28525 - -47568. What is the thousands digit of x?
9
What is the thousands digit of -2650*(-8 - -6)*(-4)/16*-3?
3
Let v(o) = o**3 - 5*o**2 - 8*o. Suppose -3*y - j + 16 = 0, 20 - 2 = 4*y + 3*j. Let c be v(y). Let r(z) = -z**2 - 20*z - 23. What is the tens digit of r(c)?
7
Suppose -2*d + 4*p + 820 = 0, 3*d + p - 1246 = 3*p. Let z = d - 142. What is the units digit of z?
6
Let i(d) = 5*d**2 + 7*d + 5. Let s(f) = 16*f**2 + 22*f + 15. Let c(l) = 7*i(l) - 2*s(l). Let b be c(-5). Let h = b - 9. What is the units digit of h?
6
Let s(q) be the first derivative of -q**3/3 + 13*q**2/2 + 52*q - 126. What is the tens digit of s(14)?
3
Let o(c) = 6*c - 163. Let b be o(28). Suppose -b*j + 5*i - 1250 + 3590 = 0, 4*j - i = 1872. What is the units digit of j?
8
Suppose -3*n + 20*t = 25*t - 65179, n - 21731 = 3*t. What is the hundreds digit of n?
7
Suppose 9*u - 14*u = 45. Let g be (-5 - 48/u)/((-1)/(-15)). Let p(i) = 6*i**2 + 8*i + 1. What is the tens digit of p(g)?
9
Let v be (-48)/3*9/18. What is the tens digit of (-5804)/(-22) - v/44?
6
Let d = 8724 - 13258. Let m = d - -6389. What is the tens digit of m?
5
Suppose 3*n + 57695 = 2*l, 16*n - 20*n + 144157 = 5*l. What is the units digit of l?
7
Suppose 11*p - 8*p = 2*g - 764, 8 = -2*p. Let f = g - 303. What is the units digit of f?
3
Let b be 7 - (-70)/(-5) - -10. Suppose h = -b*m + 8, -3*h = 2*m + 26 - 71. What is the units digit of h?
7
What is the hundreds digit of 40410/6 + (-1 - -9)/(-4)?
7
Suppose 26800 = -140*t + 141*t. What is the tens digit of t?
0
What is the ten thousands digit of (440/(-33) - -14)/(2/32889 + 0)?
1
Let o be 271 + -6 + -10*5/(-10). Let b = o - -917. What is the units digit of b?
7
Let n be 2/(((-12)/8)/(-3)). Suppose 5*l - 5*p - 157 = 3*l, 61 = l + p. Suppose -n*q = -q - l. What is the tens digit of q?
2
Let j(w) = 2619*w - 897. What is the units digit of j(4)?
9
Suppose -6*j = 121 - 43. What is the units digit of (80/(-6) - j)/(1/(-30))?
0
Let z = 684 + -1611. Let i = -530 - z. What is the tens digit of i?
9
What is the hundreds digit of 13209/(8/(-28) + 400/224)?
8
Suppose 41*f = -6811 - 36861 + 419232. What is the hundreds digit of f?
1
Let f(v) = -4*v**2 + 3*v + 10. Let s be f(0). Let z(n) = n**3 - 5*n**2 - 6*n + 1. What is the units digit of z(s)?
1
Let m be -6*2/4 + -29. Let i = m - -685. What is the tens digit of i?
5
What is the tens digit of 4450 + 9 + 4 + 3?
6
Let a be (3687/2)/((-3)/(-2)). Let u = -503 + a. What is the units digit of u?
6
Let y = 7561 + 216. What is the thousands digit of y?
7
Suppose 21*y - 37188 = -4*q + 25*y, -y + 27867 = 3*q. What is the units digit of q?
1
Suppose 61*p - 68*p + 6209 = 0. Let o = 1124 - p. What is the tens digit of o?
3
Suppose -3*a + 2*a = 4*j + 17, -2*j = -a + 7. What is the hundreds digit of (10/j)/(171/(-170) + 1)?
4
Let b(l) = -5*l - 16. Let c be b(6). Let z = c - -52. What is the tens digit of (-8)/3*(-3 + (-9)/z)?
1
Suppose -40*p + 32129 = -16020 - 267531. What is the units digit of p?
2
What is the units digit of 10 - 116/12 - (-3)/(9/23861)?
4
Suppose 144*i - 94914 - 177931 = 765251. What is the units digit of i?
9
Let b be 8/(-6)*(-2)/((-8)/6). Let h(t) = 4*t**2 + 8*t + 15. Let a be h(b). What is the units digit of 1520/a + 2 + (-12)/9?
2
Suppose 7*a - 53 = 24. Suppose -4*m = 2*v - 14, 2*m - 5*v = 4*m - a. Suppose m*r - 288 = -r. What is the units digit of r?
2
Let y = 10500 + -9689. What is the units digit of y?
1
Suppose 3*p + 3 = 5*q + 23, 4*p - q = 21. Suppose 0 = -a + 4*v - 12, -2*a + 8 = p*v - 7. Suppose -10*u = -a*u - 450. What is the tens digit of u?
4
Suppose -6 = 19*x - 13*x. Suppose 0*h + 4*h - 2*u - 248 = 0, -5*u + 234 = 4*h. What is the units digit of h + 0/(-1 + x)?
1
Let d(t) = 19*t**2 + 34*t - 394. What is the hundreds digit of d(-27)?
5
Let l(f) = -134*f - 15. Let t(v) = v + 2. Let q(s) = -l(s) - 5*t(s). What is the units digit of q(4)?
1
Let z be -3 + (1 - 5)/4 + 7. Let k be (24/(-10))/(6/(-45)*z). Suppose 3*j + 2*c - k = 13, 5*j - c = 49. What is the units digit of j?
9
Let i(y) = -697*y - 1265. What is the thousands digit of i(-6)?
2
Suppose -5*y = n - 9*y - 166, 5*y - 15 = 0. Let j = n + 35. What is the units digit of j?
3
Suppose 2*b - 25 = 2*r - 3*b, 0 = -4*r + 2*b - 10. Suppose 15*o - 26*o + 5159 = r. What is the units digit of o?
9
Suppose 4*r - 30 = r + 4*a, -a - 10 = -r. Let j(k) = 12 + k - 3*k + k**2 + 4*k - 7*k. What is the units digit of j(r)?
2
Suppose -7*p = -3*p - 2*m - 4, 0 = -3*p - 4*m + 3. Let q = p - -79. Suppose -r - 4*w + 70 = 22, -3*r + q 